{"id":38,"date":"2013-08-26T12:44:18","date_gmt":"2013-08-26T11:44:18","guid":{"rendered":"http:\/\/www.aleaubebe.net\/?page_id=38"},"modified":"2025-10-05T14:55:59","modified_gmt":"2025-10-05T13:55:59","slug":"enfant-de-4-a-5-ans","status":"publish","type":"page","link":"https:\/\/www.aleaubebe.net\/?page_id=38","title":{"rendered":"Enfant de 4 \u00e0 5 ans"},"content":{"rendered":"<div>\n<p>Cr\u00e9neau horaire de <strong>11h20 \u00e0 12h10<\/strong><\/p>\n<p><i>Voici quelques conseils\u00a0:<\/i><\/p>\n<p><b><span style=\"text-decoration: underline;\">L\u2019EAU\u00a0: <\/span><\/b><\/p>\n<\/div>\n<p>doit \u00eatre \u00e0 <b>32\u00b0<\/b> car c\u2019est la temp\u00e9rature de la peau.<\/p>\n<p><b><span style=\"text-decoration: underline;\">DIETETIQUE<\/span><\/b><span style=\"text-decoration: underline;\">\u00a0: <\/span><\/p>\n<p>Faire manger l\u2019enfant <b><i>moins d\u2019une heure avant<\/i><\/b> la s\u00e9ance afin de lui \u00e9viter une \u00e9ventuelle hypoglyc\u00e9mie.<br \/>\nPr\u00e9voir une boisson sucr\u00e9e (pas de nourriture solide) <b>apr\u00e8s<\/b> l\u2019activit\u00e9 afin de compenser les pertes \u00e9nerg\u00e9tiques dues au s\u00e9jour prolong\u00e9 dans l\u00a0\u2018eau.<br \/>\n<i>Pour une fois, tant pis pour la viande du d\u00e9jeuner\u2026!<\/i><\/p>\n<p><b><span style=\"text-decoration: underline;\">L\u2019ACTIVITE\u00a0:<\/span><\/b> <b><\/b><\/p>\n<p>Nous privil\u00e9gions la relation parent(s)-enfant \u00e0 travers un climat de <b>confiance<\/b> et de chaleur.<br \/>\n&#8211;\u00a0\u00a0\u00a0\u00a0\u00a0 En grandissant, les jeux avec les copains se d\u00e9veloppent, l\u2019imaginaire aussi.<br \/>\n&#8211;\u00a0\u00a0\u00a0\u00a0\u00a0 Si ce n\u2019est d\u00e9j\u00e0 fait, votre enfant peut d\u00e9couvrir la profondeur.<br \/>\n&#8211;\u00a0\u00a0\u00a0\u00a0\u00a0 La confiance en lui s\u2019instaure, les potentialit\u00e9s se d\u00e9veloppent, il a une plus grande autonomie.<\/p>\n<p style=\"text-align: center;\"><em>Tout ceci \u00e0 son rythme et non au v\u00f4tre.<\/em><\/p>\n","protected":false},"excerpt":{"rendered":"<p>Cr\u00e9neau horaire de 11h20 \u00e0 12h10 Voici quelques conseils\u00a0: L\u2019EAU\u00a0: doit \u00eatre \u00e0 32\u00b0 car c\u2019est la temp\u00e9rature de la peau. DIETETIQUE\u00a0: Faire manger l\u2019enfant moins d\u2019une heure avant la s\u00e9ance afin de lui \u00e9viter une \u00e9ventuelle hypoglyc\u00e9mie. Pr\u00e9voir une boisson sucr\u00e9e (pas de nourriture solide) apr\u00e8s l\u2019activit\u00e9 afin de compenser les pertes \u00e9nerg\u00e9tiques dues [&hellip;]<\/p>\n","protected":false},"author":1,"featured_media":0,"parent":0,"menu_order":0,"comment_status":"closed","ping_status":"open","template":"","meta":[],"_links":{"self":[{"href":"https:\/\/www.aleaubebe.net\/index.php?rest_route=\/wp\/v2\/pages\/38"}],"collection":[{"href":"https:\/\/www.aleaubebe.net\/index.php?rest_route=\/wp\/v2\/pages"}],"about":[{"href":"https:\/\/www.aleaubebe.net\/index.php?rest_route=\/wp\/v2\/types\/page"}],"author":[{"embeddable":true,"href":"https:\/\/www.aleaubebe.net\/index.php?rest_route=\/wp\/v2\/users\/1"}],"replies":[{"embeddable":true,"href":"https:\/\/www.aleaubebe.net\/index.php?rest_route=%2Fwp%2Fv2%2Fcomments&post=38"}],"version-history":[{"count":4,"href":"https:\/\/www.aleaubebe.net\/index.php?rest_route=\/wp\/v2\/pages\/38\/revisions"}],"predecessor-version":[{"id":475,"href":"https:\/\/www.aleaubebe.net\/index.php?rest_route=\/wp\/v2\/pages\/38\/revisions\/475"}],"wp:attachment":[{"href":"https:\/\/www.aleaubebe.net\/index.php?rest_route=%2Fwp%2Fv2%2Fmedia&parent=38"}],"curies":[{"name":"wp","href":"https:\/\/api.w.org\/{rel}","templated":true}]}}